st common divisor of 108 and 27.
27
Calculate the greatest common factor of 70 and 8330.
70
Calculate the greatest common factor of 9 and 48.
3
Calculate the greatest common factor of 154 and 1474.
22
Calculate the greatest common divisor of 15966 and 18.
18
Calculate the greatest common factor of 20 and 230.
10
Calculate the highest common divisor of 1938 and 285.
57
What is the highest common factor of 36 and 42192?
36
What is the highest common divisor of 750 and 30?
30
What is the greatest common factor of 86 and 10?
2
What is the highest common factor of 984 and 120?
24
Calculate the highest common divisor of 38 and 1425.
19
What is the highest common factor of 2298 and 1?
1
What is the highest common factor of 5790 and 60?
30
Calculate the highest common divisor of 261 and 9.
9
Calculate the greatest common divisor of 446 and 10035.
223
What is the highest common divisor of 51 and 17884?
17
Calculate the greatest common factor of 70 and 50.
10
Calculate the highest common divisor of 17176 and 228.
76
Calculate the highest common factor of 6586 and 296.
74
What is the greatest common factor of 11295 and 90?
45
Calculate the greatest common factor of 284 and 44.
4
Calculate the highest common divisor of 4060 and 40.
20
What is the highest common divisor of 80 and 688?
16
Calculate the highest common factor of 54 and 6.
6
Calculate the highest common divisor of 323 and 19.
19
Calculate the greatest common factor of 2419 and 59.
59
What is the greatest common divisor of 65 and 2?
1
Calculate the greatest common divisor of 46 and 506.
46
What is the greatest common divisor of 2 and 3?
1
Calculate the highest common factor of 63 and 273.
21
What is the highest common divisor of 143 and 99?
11
What is the greatest common divisor of 16 and 2704?
16
Calculate the highest common divisor of 16510 and 10.
10
What is the highest common factor of 504 and 48?
24
Calculate the greatest common divisor of 2240 and 20.
20
Calculate the greatest common divisor of 78 and 22113.
39
Calculate the greatest common divisor of 56 and 13244.
28
Calculate the highest common factor of 120 and 180.
60
What is the highest common divisor of 10 and 15?
5
Calculate the greatest common factor of 345 and 45.
15
Calculate the highest common factor of 78 and 3432.
78
Calculate the greatest common factor of 72 and 180.
36
What is the greatest common factor of 132 and 11?
11
Calculate the highest common factor of 729 and 5913.
81
What is the greatest common divisor of 1131 and 957?
87
What is the highest common factor of 9012 and 12?
12
Calculate the greatest common factor of 8323 and 609.
203
What is the highest common factor of 15 and 25?
5
Calculate the highest common factor of 18 and 81.
9
Calculate the greatest common factor of 1 and 4.
1
Calculate the highest common divisor of 348 and 812.
116
Calculate the greatest common factor of 115 and 782.
23
What is the greatest common divisor of 35 and 385?
35
Calculate the greatest common factor of 19566 and 36.
18
What is the greatest common divisor of 548 and 4?
4
Calculate the highest common divisor of 3598 and 14.
14
Calculate the greatest common factor of 75 and 120.
15
What is the highest common factor of 790 and 316?
158
What is the greatest common divisor of 7 and 4?
1
Calculate the greatest common divisor of 134 and 2881.
67
Calculate the highest common divisor of 680 and 80.
40
Calculate the greatest common factor of 15 and 465.
15
What is the greatest common factor of 3878 and 42?
14
Calculate the greatest common divisor of 116 and 1044.
116
What is the highest common factor of 96 and 352?
32
Calculate the highest common factor of 65 and 13.
13
Calculate the greatest common factor of 12 and 4812.
12
Calculate the greatest common divisor of 6 and 3912.
6
Calculate the highest common divisor of 525 and 63.
21
What is the greatest common factor of 148 and 6068?
148
What is the greatest common factor of 9 and 144?
9
Calculate the greatest common factor of 5656 and 952.
56
What is the greatest common factor of 43 and 7697?
43
What is the greatest common factor of 1148 and 287?
287
Calculate the greatest common factor of 1356 and 12.
12
What is the highest common factor of 17 and 136?
17
What is the greatest common factor of 13593 and 115?
23
What is the greatest common factor of 4443 and 3?
3
Calculate the greatest common factor of 496 and 576.
16
Calculate the highest common divisor of 1273 and 1072.
67
Calculate the highest common divisor of 455 and 39.
13
What is the highest common divisor of 156 and 36?
12
What is the greatest common factor of 38 and 247?
19
Calculate the greatest common factor of 795 and 3.
3
What is the highest common divisor of 29 and 145?
29
What is the greatest common factor of 161 and 49?
7
Calculate the greatest common divisor of 44 and 66.
22
Calculate the highest common divisor of 9 and 12663.
9
What is the highest common divisor of 185 and 148?
37
What is the highest common factor of 325 and 3950?
25
Calculate the highest common factor of 879 and 9.
3
What is the highest common divisor of 50 and 500?
50
What is the greatest common factor of 2231 and 23?
23
What is the greatest common factor of 240 and 285?
15
What is the greatest common divisor of 396 and 216?
36
What is the greatest common factor of 2630 and 10?
10
Calculate the greatest common factor of 2384 and 447.
149
Calculate the greatest common divisor of 63 and 117.
9
Calculate the greatest common factor of 273 and 63.
21
What is the highest common factor of 23 and 23?
23
What is the greatest common factor of 65 and 104?
13
What is the greatest common factor of 1007 and 57?
19
What is the highest common divisor of 625 and 1000?
125
What is the highest common divisor of 20982 and 78?
78
Calculate the highest common factor of 236 and 295.
59
Calculate the highest common factor of 700 and 160.
20
What is the highest common divisor of 408 and 1836?
204
What is the highest common divisor of 290 and 30?
10
Calculate the highest common divisor of 6851 and 124.
31
Calculate the highest common factor of 3 and 75.
3
What is the highest common divisor of 84 and 63?
21
Calculate the highest common factor of 108 and 19134.
18
What is the highest common factor of 69 and 1840?
23
What is the highest common divisor of 270 and 42?
6
Calculate the highest common divisor of 20 and 940.
20
What is the greatest common factor of 3885 and 945?
105
Calculate the highest common factor of 1200 and 32.
16
What is the greatest common divisor of 112 and 2674?
14
Calculate the greatest common divisor of 40 and 440.
40
Calculate the highest common divisor of 35 and 35.
35
Calculate the greatest common factor of 511 and 219.
73
What is the highest common divisor of 28 and 308?
28
Calculate the greatest common divisor of 4 and 193.
1
What is the highest common factor of 22 and 2794?
22
Calculate the highest common factor of 145 and 17255.
145
Calculate the highest common factor of 64 and 2.
2
What is the highest common divisor of 195 and 60?
15
Calculate the greatest common factor of 219 and 6.
3
What is the greatest common divisor of 16 and 144?
16
What is the highest common factor of 104 and 468?
52
Calculate the highest common factor of 385 and 693.
77
Calculate the highest common factor of 969 and 1349.
19
Calculate the greatest common factor of 2536 and 8.
8
Calculate the greatest common factor of 51 and 2295.
51
Calculate the greatest common factor of 29 and 40.
1
Calculate the greatest common factor of 43 and 1333.
43
What is the greatest common factor of 1192 and 8?
8
What is the highest common factor of 1849 and 215?
43
What is the greatest common divisor of 146 and 365?
73
What is the highest common divisor of 2656 and 16?
16
What is the greatest common divisor of 882 and 18?
18
Calculate the greatest common divisor of 168 and 714.
42
What is the highest common factor of 70 and 80?
10
What is the greatest common divisor of 16 and 80?
16
Calculate the greatest common divisor of 3990 and 105.
105
Calculate the highest common factor of 40590 and 396.
198
Calculate the highest common factor of 26 and 1118.
26
What is the highest common factor of 44 and 550?
22
Calculate the highest common factor of 969 and 228.
57
What is the greatest common factor of 147 